nd 2188.
547
Calculate the highest common factor of 530 and 1520.
10
What is the highest common divisor of 5526054 and 306?
306
Calculate the highest common factor of 30 and 85500.
30
Calculate the greatest common factor of 82 and 591589.
41
What is the greatest common divisor of 985 and 865?
5
What is the greatest common factor of 210 and 937930?
70
Calculate the greatest common divisor of 320 and 18680.
40
Calculate the greatest common factor of 1045 and 669427.
209
Calculate the highest common divisor of 14 and 742.
14
What is the greatest common divisor of 48 and 16064?
16
Calculate the greatest common factor of 21610 and 15.
5
Calculate the highest common factor of 59870 and 110.
10
Calculate the greatest common factor of 64 and 302512.
16
What is the greatest common divisor of 20148 and 8832?
276
Calculate the highest common factor of 4 and 2128.
4
Calculate the greatest common divisor of 483188 and 452.
452
Calculate the greatest common factor of 45261 and 7597.
107
Calculate the greatest common divisor of 1376 and 1026152.
344
What is the greatest common divisor of 12144 and 5008?
16
Calculate the highest common divisor of 37320 and 2177.
311
Calculate the greatest common factor of 12 and 425898.
6
Calculate the greatest common factor of 22 and 4286.
2
Calculate the greatest common divisor of 16 and 322336.
16
Calculate the greatest common divisor of 656 and 399176.
328
Calculate the greatest common factor of 98618 and 52.
26
What is the greatest common divisor of 99468 and 324?
324
Calculate the highest common divisor of 286 and 44066.
22
Calculate the highest common divisor of 1295 and 4480.
35
Calculate the greatest common divisor of 363 and 6303.
33
What is the greatest common factor of 350 and 10950?
50
What is the highest common divisor of 152031 and 1626?
813
Calculate the greatest common factor of 1265501 and 664.
83
Calculate the highest common factor of 164292 and 108.
12
What is the greatest common factor of 954 and 84537?
9
What is the greatest common factor of 11 and 120703?
11
Calculate the greatest common divisor of 12732 and 508219.
1061
Calculate the highest common divisor of 144036 and 144.
36
Calculate the greatest common factor of 215 and 485.
5
What is the greatest common factor of 16110 and 537?
537
What is the highest common factor of 12960 and 26400?
480
What is the greatest common factor of 37716 and 192?
12
Calculate the highest common factor of 265982 and 68.
34
Calculate the highest common factor of 333465 and 13545.
645
What is the highest common divisor of 117 and 3267?
9
Calculate the greatest common factor of 55670 and 520.
10
What is the highest common divisor of 90 and 283140?
90
What is the highest common divisor of 76744 and 1802?
106
Calculate the highest common factor of 7089 and 57963.
417
Calculate the highest common divisor of 46152 and 72.
72
Calculate the greatest common divisor of 87 and 66874.
29
What is the greatest common divisor of 1744 and 2640?
16
Calculate the greatest common factor of 17857 and 2429.
7
Calculate the greatest common divisor of 10 and 4892180.
10
Calculate the highest common factor of 203424 and 364.
52
Calculate the highest common divisor of 344 and 5829854.
86
Calculate the greatest common divisor of 556220 and 1160.
580
What is the greatest common factor of 18228 and 1428?
84
Calculate the highest common factor of 16703303 and 97.
97
Calculate the greatest common divisor of 155475 and 225.
225
Calculate the greatest common factor of 8326493 and 826.
413
What is the highest common factor of 5499 and 5850?
117
Calculate the greatest common divisor of 231 and 10131.
33
What is the greatest common factor of 3756 and 420?
12
What is the highest common factor of 24717 and 99?
33
Calculate the highest common divisor of 853513 and 67.
67
What is the highest common divisor of 8316 and 21868?
308
What is the highest common factor of 1876443 and 51?
51
Calculate the greatest common factor of 28 and 7561036.
28
Calculate the greatest common divisor of 190 and 61446.
38
What is the highest common factor of 284 and 127587?
71
Calculate the highest common divisor of 1065 and 24708.
213
Calculate the highest common divisor of 352 and 29656.
88
Calculate the highest common divisor of 300 and 8943150.
150
What is the highest common divisor of 28 and 953211?
7
Calculate the highest common divisor of 1606465 and 1162.
581
What is the greatest common factor of 13981 and 22?
11
Calculate the greatest common divisor of 36 and 162.
18
Calculate the highest common factor of 60 and 314124.
12
What is the greatest common factor of 76 and 307876?
76
What is the highest common factor of 140 and 35135?
5
Calculate the highest common factor of 39 and 51818.
13
What is the highest common factor of 7168 and 334336?
512
Calculate the highest common factor of 17216 and 32.
32
Calculate the highest common divisor of 887739 and 2974.
1487
What is the highest common divisor of 536 and 1675?
67
Calculate the highest common factor of 6794 and 6106.
86
What is the greatest common factor of 254 and 808?
2
What is the greatest common divisor of 21 and 99183?
21
What is the greatest common divisor of 6164 and 1408?
4
What is the highest common divisor of 340 and 527?
17
What is the greatest common factor of 15329816 and 1478?
1478
Calculate the highest common divisor of 57596 and 616.
308
What is the greatest common divisor of 517755 and 21?
21
What is the highest common divisor of 1574 and 934169?
787
What is the highest common factor of 718 and 60?
2
What is the greatest common divisor of 66 and 111606?
66
What is the greatest common factor of 9770 and 475799?
977
What is the highest common divisor of 16 and 260402?
2
Calculate the highest common factor of 39232 and 1408.
64
Calculate the highest common divisor of 50 and 91925.
25
Calculate the highest common factor of 86 and 1132749.
43
What is the greatest common divisor of 45 and 15645?
15
Calculate the greatest common factor of 6 and 48753.
3
Calculate the greatest common factor of 20902 and 14.
14
Calculate the highest common divisor of 1378 and 511927.
689
What is the greatest common divisor of 1434 and 465333?
717
Calculate the greatest common divisor of 584223 and 92.
23
Calculate the highest common factor of 198 and 2167.
11
What is the highest common divisor of 166615 and 470?
235
What is the highest common factor of 375155 and 165?
55
Calculate the greatest common divisor of 113346 and 114.
6
What is the greatest common divisor of 22 and 8866?
22
What is the highest common divisor of 484 and 25047?
121
Calculate the greatest common divisor of 83 and 223021.
83
Calculate the highest common divisor of 72 and 29400.
24
What is the highest common factor of 350 and 10374?
14
Calculate the highest common divisor of 27650 and 79.
79
Calculate the highest common factor of 30 and 609195.
15
What is the highest common divisor of 940 and 1532?
4
What is the highest common divisor of 213 and 2577939?
213
Calculate the highest common divisor of 2898 and 16146.
414
Calculate the greatest common factor of 7291 and 321121.
317
What is the greatest common divisor of 272 and 280313?
17
Calculate the highest common divisor of 285 and 817.
19
Calculate the greatest common divisor of 1004778 and 3450.
138
Calculate the greatest common divisor of 1148 and 26376.
28
What is the highest common factor of 6692 and 4063?
239
What is the highest common factor of 169257 and 2024?
253
Calculate the greatest common divisor of 10035 and 585.
45
Calculate the greatest common factor of 4477 and 1.
1
What is the highest common divisor of 7612480 and 960?
320
What is the highest common divisor of 625 and 49?
1
Calculate the highest common divisor of 237 and 1291413.
237
Calculate the greatest common factor of 160 and 506432.
32
What is the greatest common factor of 2432 and 1736?
8
Calculate the greatest common factor of 30968 and 3136.
392
Calculate the highest common factor of 44 and 141724.
44
What is the greatest common divisor of 536232 and 24?
24
Calculate the greatest common divisor of 105 and 127750.
35
Calculate the greatest common divisor of 3393 and 19836.
261
What is the highest common factor of 1843 and 15326?
97
Calculate the highest common factor of 35224 and 488